.
31
Let d(i) = -5*i**2 - 17416*i - 121989. Calculate d(-7).
-322
Let n(m) = -9*m**3 + 260*m**2 + 57*m - 807. What is n(29)?
5
Let p(z) = -3924*z - 3853. Calculate p(-1).
71
Let p(a) = -640*a + 3749. Give p(7).
-731
Let b(j) = -5*j**3 + 924*j**2 + 286*j - 18723. What is b(185)?
-38
Let t(m) = 1669*m + 86634. Determine t(-52).
-154
Let l(u) = 7*u**2 - 3069*u - 18687. What is l(-6)?
-21
Let r(c) = 18*c**3 - 2842*c**2 - 1235*c + 145198. Give r(158).
-4
Let y(d) = -6*d**2 - 209*d - 344. Calculate y(-34).
-174
Let r(p) = 2676*p + 949812. Give r(-355).
-168
Let m(y) = 155064*y + 3876608. Calculate m(-25).
8
Let t(g) = -476*g**3 - 7*g**2 + 18*g + 5. Determine t(2).
-3795
Let n(u) = -2891*u + 57823. Calculate n(20).
3
Let i(g) = g**3 - 18*g**2 - 7418*g + 119190. What is i(16)?
-10
Let r(o) = o**3 + 396*o**2 - 119*o - 203040. What is r(-395)?
-10
Let n(h) = 23*h**3 + 2094*h**2 - 120*h - 19199. What is n(-91)?
2
Let z(h) = 2*h**2 - 11714*h - 58609. Give z(-5).
11
Let m(j) = 97*j - 1555. Give m(10).
-585
Let a(z) = -z**3 - 119*z**2 + 124*z + 321. What is a(-120)?
-159
Let k(w) = -3*w**3 - 36*w**2 + 960*w - 359. Give k(-25).
16
Let q(l) = -679*l**2 + 21043*l + 198. Calculate q(31).
12
Let i(n) = 4*n**2 - 9775*n + 29296. Give i(3).
7
Let m(c) = -c**3 - 67*c**2 + 432*c + 602. Calculate m(7).
0
Let g(b) = -130*b**3 - 2*b**2 + 1674*b - 1672. Give g(1).
-130
Let i(t) = -39421*t + 2168234. What is i(55)?
79
Let v(o) = 3*o**3 - 41*o**2 - 418*o + 5664. Determine v(14).
8
Let p(b) = 4783*b - 674351. Determine p(141).
52
Let l(t) = 4*t**2 + 192*t - 1033. Calculate l(5).
27
Let o(q) = -q**3 + 240*q**2 + 1691*q - 273. Determine o(-7).
-7
Let w(d) = -12*d**2 - 802*d + 245. Determine w(-67).
111
Let i(q) = -240*q**3 + 2*q**2 - 429*q - 430. Calculate i(-1).
241
Let y(n) = -n**3 - 48*n**2 - 307*n + 175. Calculate y(-40).
-345
Let j(f) = f**3 - 58*f**2 - 19*f + 10125. Calculate j(55).
5
Let z(t) = 2*t**3 - 97*t**2 - 16077*t + 796345. Determine z(50).
-5
Let s(h) = 7*h**3 + 9*h**2 + 17*h - 76. Give s(4).
584
Let z(j) = -43145*j - 5824574. Calculate z(-135).
1
Let y(n) = 4453*n + 151393. Determine y(-34).
-9
Let j(q) = 2*q**3 - 974*q**2 - 977*q - 273. Determine j(488).
-761
Let z(b) = -620*b - 3291. Give z(-7).
1049
Let d(w) = -w**3 + 24*w**2 + 962*w - 23077. Calculate d(24).
11
Let q(k) = 18*k**2 + 3178*k + 11065. Calculate q(-173).
-7
Let u(x) = 1466644*x - 1466664. Give u(1).
-20
Let h(u) = 11*u**2 + 1027*u - 8388. Calculate h(8).
532
Let f(h) = -439*h + 14989. Give f(35).
-376
Let k(u) = 3*u**3 + 489*u**2 + 494*u + 1395. Determine k(-162).
99
Let s(p) = -p**3 - 494*p**2 - 20209*p - 1773. Determine s(-449).
23
Let n(z) = -37*z**2 + 249*z - 1928. What is n(8)?
-2304
Let m(h) = -1242*h**2 + 79489*h - 247. Give m(64).
-183
Let y(w) = 26330*w + 26343. Give y(-1).
13
Let c(z) = -45166*z - 6639424. Determine c(-147).
-22
Let k(t) = -t**2 - 5205*t + 5084680. What is k(841)?
-6
Let g(h) = -6*h**2 - 346*h - 2816. Determine g(-39).
1552
Let d(t) = 176*t**2 - 140*t - 141. What is d(-1)?
175
Let a(s) = 3*s**2 - 139495*s + 557989. Determine a(4).
57
Let t(l) = -1923*l + 40467. What is t(21)?
84
Let c(o) = 332*o - 14858. What is c(45)?
82
Let m(w) = -12883*w - 3323825. What is m(-258)?
-11
Let h(w) = 4*w**3 - 88*w**2 - 518*w + 95. What is h(-5)?
-15
Let v(r) = -r**2 - 43007*r + 1204991. Calculate v(28).
11
Let u(f) = 822*f**2 - f + 90. Calculate u(1).
911
Let k(z) = z**2 - 120*z - 12746. Determine k(188).
38
Let a(y) = -5*y**3 - y**2 - 11462*y + 69888. What is a(6)?
0
Let p(z) = 114*z - 11442. Determine p(101).
72
Let n(r) = 125*r**3 + 744*r**2 + 3*r - 62. Determine n(-6).
-296
Let l(j) = 7264*j + 152546. Calculate l(-21).
2
Let s(g) = -15*g**2 - 395*g - 232. What is s(0)?
-232
Let q(i) = -91*i**2 - 75*i + 304. Determine q(4).
-1452
Let u(a) = 286*a**2 - 204*a - 1889. What is u(3)?
73
Let u(t) = 17*t**3 + 10611*t**2 + 1874*t + 1351. Calculate u(-624).
103
Let b(s) = 5717*s + 68606. Give b(-12).
2
Let f(a) = -5*a**3 + 15*a**2 + 37*a - 181. Calculate f(3).
-70
Let r(d) = 2*d**2 + 1990*d + 27647. Give r(-14).
179
Let z(k) = -2*k**3 + 344*k**2 - 333*k - 1457. Determine z(171).
82
Let r(m) = -283*m + 5417. Calculate r(20).
-243
Let g(o) = 491*o**3 + 2458*o**2 + 7*o - 13. Give g(-5).
27
Let f(b) = b**3 + 149*b**2 - 3413*b - 3279. Give f(21).
18
Let x(b) = b**3 - 10*b**2 - 279*b - 1090. What is x(-6)?
8
Let k(t) = 87*t**3 - 4*t**2 - 21*t - 14. Give k(-1).
-84
Let j(m) = -786*m - 23575. Determine j(-30).
5
Let j(k) = -4615*k - 32296. Determine j(-7).
9
Let k(h) = 19*h**3 + 75*h**2 + 94*h + 390. Determine k(-4).
-2
Let s(k) = 15978*k + 24925678. Give s(-1560).
-2
Let h(b) = -4*b**3 + 74*b**2 - 1571*b + 30578. What is h(19)?
7
Let g(l) = 262405*l + 787213. Calculate g(-3).
-2
Let o(u) = 113*u**2 + 9186*u - 45894. What is o(5)?
2861
Let p(i) = i**2 - 9351*i + 566708. Give p(61).
18
Let s(p) = -2*p**2 - 556970*p - 1670893. Determine s(-3).
-1
Let u(t) = -6*t**2 - 361*t + 3741. Give u(9).
6
Let h(f) = -15*f**2 + 3310*f + 1023. Give h(221).
-82
Let v(o) = 3193*o + 6271. Calculate v(-2).
-115
Let a(k) = 12*k**3 + 1500*k**2 + 3*k + 397. Calculate a(-125).
22
Let w(r) = 130455*r - 1695920. What is w(13)?
-5
Let p(d) = -d**3 + 9*d**2 - 16427*d + 131354. Give p(8).
2
Let f(i) = i**3 - 12*i**2 + 51*i - 241. Give f(7).
-129
Let o(y) = 6*y**2 + 6880*y + 1935445. Give o(-495).
-5
Let g(k) = -183*k - 5302. Determine g(-27).
-361
Let h(y) = -66518*y - 1197349. Determine h(-18).
-25
Let h(q) = -q**2 + 209*q - 8211. Calculate h(135).
1779
Let r(z) = 262*z + 12855. What is r(-49)?
17
Let p(q) = -24*q**2 - 544*q + 20. What is p(-23)?
-164
Let f(v) = 45697*v + 228455. Calculate f(-5).
-30
Let k(d) = 4663*d - 134179. Calculate k(29).
1048
Let c(z) = -95*z**3 + 57*z**2 - 2*z. What is c(-1)?
154
Let l(w) = -w**3 + 62*w**2 - 871*w + 2406. Determine l(43).
84
Let g(u) = -1221*u - 20776. What is g(-16)?
-1240
Let h(o) = -o**2 - 457*o - 43604. Calculate h(-136).
52
Let h(t) = -3*t**2 - 493*t + 1970. Give h(4).
-50
Let k(o) = 851173*o - 2553528. Determine k(3).
-9
Let t(y) = 3*y**2 + 55*y + 539. Calculate t(-10).
289
Let g(m) = 790*m + 3398. Give g(-7).
-2132
Let j(t) = -t**3 - 31*t**2 + 454*t - 90. What is j(0)?
-90
Let m(b) = -371*b**2 - 18*b - 27. What is m(-3)?
-3312
Let v(b) = 115*b**3 + 2*b**2 - 39*b + 38. Determine v(1).
116
Let a(s) = -1723*s - 12026. Give a(-7).
35
Let t(q) = q**3 - 2*q**2 - 351*q - 433. Give t(-17).
43
Let x(h) = -h**2 - 317262*h + 951788. Determine x(3).
-7
Let i(l) = -211409*l - 1268441. Give i(-6).
13
Let x(p) = -p**3 - 27*p**2 - 12*p - 109. Calculate x(-6).
-793
Let t(m) = 2*m**2 - 1141*m - 101718. Calculate t(649).
175
Let j(m) = -8*m**2 + 6898*m - 42797. Calculate j(856).
3
Let w(d) = 3593*d + 1958326. Determine w(-545).
141
Let d(z) = 35*z**2 + 480*z + 135. What is d(-8)?
-1465
Let l(y) = y**3 + 158*y**2 - 94255*y + 1732. What is l(238)?
66
Let g(f) = -16*f**2 + 1443*f + 4342. Calculate g(-3).
-131
Let g(a) = a**3 - 125*a**2 + 27*a - 14. Calculate g(5).
-2879
Let t(u) = 529140*u - 10. Give t(0).
-10
Let m(w) = -3*w**3 - 45*w**2 + 105*w + 48. Calculate m(-17).
-3
Let i(f) = -3*f**2 + 424*f - 11383. Determine i(30).
-1363
Let f(r) = 134*r**2 - 23860*r + 1390. What is f(178)?
-34
Let x(i) = i**3 + 97*i**2 + 274*i - 404. Calculate x(-94).
348
Let q(m) = 11*m**3 + 266*m**2 - 617*m - 15960. Give q(-24).
0
Let u(f) = f**2 + 3008*f + 1344190. Give u(-546).
-62
Let t(k) = -149*k**2 + 8221*k - 321. Give t(55).
1109
Let a(l) = -35*l**3 - 75*l**2 + 11*l - 8. What is a(-4)?
988
Let s(n) = n**3 + 31*n**2 + 28*n - 635. What is s(-29)?
235
Let g(d) = -3*d**3 + 76*d**2 - 20654*d + 515721. Calculate g(25).
-4
Let h(j) = j**3 + 291*j**2 + 1132*j - 2643. Determine h(-287).
1949
Let m(a) = -a**2 + 5*a + 1394. Give m(-34).
68
Let z(x) = x**2 + 33*x - 33300. Calculate z(163).
-1352
Let l(c) = -151*c + 20534. What is l(136)?
-2
Let m(j) = 1793670*j + 17936708. Determine m(-10).
8
Let y(s) = 30295*s + 30316. Determine y(-1).
21
Let g(j) = 2260*j**2 - 183060*j + 15. Determine g(81).
15
Let g(s) = 14426*s + 86138. Calculate g(-6).
-418
Let u(b) = b**3 - 15*b**2 - 1020*b + 16319. Calculate u(16).
255
Let g(x) = -x**3 + 218*x**2 - 7907*x - 712. Give g(172).
148
Let l(x) = -2*x**3 + 192*x**2 - 4128*x - 1846. Dete